{"id":488,"date":"2023-12-03T21:47:15","date_gmt":"2023-12-03T20:47:15","guid":{"rendered":"http:\/\/wordpress.skiarea-heubach.com\/?page_id=488"},"modified":"2026-01-01T21:30:01","modified_gmt":"2026-01-01T20:30:01","slug":"preise-schneesportschule","status":"publish","type":"page","link":"https:\/\/www.skiarea-heubach.com\/\/preise-schneesportschule\/","title":{"rendered":"Preise Schneesportschule"},"content":{"rendered":"\n<p><em>(Achtung: Angepasste Kurzeiten ab der Saison 2025\/2026)<\/em><\/p>\n\n\n\n<h3 class=\"wp-block-heading\"><em><strong>Ski- &amp; Snowboardkurse &#8211; GRUPPENKURSE<\/strong><\/em><\/h3>\n\n\n\n<h4 class=\"wp-block-heading\"><strong><em><mark style=\"background-color:rgba(0, 0, 0, 0)\" class=\"has-inline-color has-accent-2-color\">Ski- &amp; Snowboardkurs von Anf\u00e4nger bis Fortgeschritten&nbsp;inkl. Verleihmaterial (\u201eALL INCLUSIVE!\u201c)<\/mark><\/em><\/strong><\/h4>\n\n\n\n<p>Dauer\/&nbsp;Preis pro Person\/&nbsp;Zeiten<\/p>\n\n\n\n<p>90 Minuten\/&nbsp;<strong>55,00 Euro\/<\/strong>&nbsp;t\u00e4glich&nbsp;10:30 Uhr&nbsp;&amp;&nbsp;13:30 Uhr<\/p>\n\n\n\n<p>180 Minuten\/&nbsp;<strong>75,00 Euro\/&nbsp;<\/strong>t\u00e4glich&nbsp;10:30 Uhr (Pause: 12:00 Uhr \u2013 13:30 Uhr)<\/p>\n\n\n\n<hr class=\"wp-block-separator has-alpha-channel-opacity\"\/>\n\n\n\n<h4 class=\"wp-block-heading\"><strong><em><mark style=\"background-color:rgba(0, 0, 0, 0)\" class=\"has-inline-color has-accent-2-color\"><strong><em>Ski- &amp; Snowboardkurs<\/em><\/strong> von Anf\u00e4nger bis Fortgeschritten<\/mark><\/em><\/strong><\/h4>\n\n\n\n<p>Dauer Preis pro Person Zeiten<\/p>\n\n\n\n<p>90 Minuten&nbsp;<strong>35,oo Euro&nbsp;<\/strong>t\u00e4glich 10:30 Uhr &amp; 13:30 Uhr<\/p>\n\n\n\n<p>180 Minuten&nbsp;<strong>55,oo Euro&nbsp;<\/strong>t\u00e4glich 10:30 Uhr (Pause: 12:00 Uhr \u2013 13:30 Uhr)<\/p>\n\n\n\n<hr class=\"wp-block-separator has-alpha-channel-opacity\"\/>\n\n\n\n<h3 class=\"wp-block-heading\"><em><strong>Ski- &amp; Snowboardkurse &#8211; PRIVAT &amp; SONDERKURSE<\/strong><\/em><\/h3>\n\n\n\n<h4 class=\"wp-block-heading\"><em><mark style=\"background-color:rgba(0, 0, 0, 0)\" class=\"has-inline-color has-accent-2-color\"><strong>Schnupper-SKI-Kurs f\u00fcr Kids inkl. Verleihmaterial (jeweils 10:00 Uhr &amp; 13:00 Uhr\/ max bis 6. Jahre)<\/strong><\/mark><\/em><\/h4>\n\n\n\n<p>Dauer: 30 Minuten&nbsp; Preis pro Person:<strong>&nbsp;25,oo Euro<\/strong><\/p>\n\n\n\n<h4 class=\"wp-block-heading\"><em><strong><mark style=\"background-color:rgba(0, 0, 0, 0)\" class=\"has-inline-color has-accent-2-color\">Carvingkurs<\/mark><\/strong><\/em><\/h4>\n\n\n\n<p>(Termin nach vorheriger Absprache t\u00e4glich jeweils 09:30 Uhr, 12:15 Uhr &amp; 15:00 Uhr)<\/p>\n\n\n\n<p>Dauer: 60 Minuten&nbsp; Preis pro Person:&nbsp;<strong>60<\/strong><strong>,oo Euro<\/strong><\/p>\n\n\n\n<h4 class=\"wp-block-heading\"><em><strong><mark style=\"background-color:rgba(0, 0, 0, 0)\" class=\"has-inline-color has-accent-2-color\">Ski- &amp; Snowboardkurse Privatunterricht<\/mark><\/strong><\/em><\/h4>\n\n\n\n<p>(Termin nach vorheriger Absprache t\u00e4glich jeweils 09:30 Uhr, 12:15 Uhr &amp; 15:00 Uhr)<\/p>\n\n\n\n<p>Dauer: 60 Minuten Preis bei 1. Teilnehmer:&nbsp;<strong>60<\/strong><strong>,oo Euro<\/strong><\/p>\n\n\n\n<p>Preis bei 2. Teilnehmern:&nbsp;<strong>100,oo Euro<\/strong><\/p>\n\n\n\n<p>Preis bei 3. Teilnehmern:&nbsp;<strong>130,oo Euro<\/strong><\/p>\n\n\n\n<p>Preis je weiteren Teilnehmer:&nbsp;<strong>+ 35,oo Euro<\/strong>&nbsp;<\/p>\n\n\n\n<p><strong>&gt; Preise inklusive Liftpass f\u00fcr den gebuchten Kurszeitraum &lt;<\/strong><\/p>\n\n\n\n<hr class=\"wp-block-separator has-alpha-channel-opacity is-style-default\"\/>\n\n\n\n<p class=\"has-text-align-center\"><strong>Buchen Sie jetzt Ihren Ski-\/ Snowboardkurs f\u00fcr Ihren n\u00e4chsten Besuch in der Skiarea Heubach!<\/strong><\/p>\n\n\n\n<p class=\"has-text-align-center has-large-font-size\"><mark style=\"background-color:rgba(0, 0, 0, 0)\" class=\"has-inline-color has-accent-2-color\"><strong>E-Mail:   schule@skiarea-heubach.com<\/strong><\/mark><\/p>\n\n\n\n<div class=\"wp-block-buttons is-content-justification-center is-layout-flex wp-container-core-buttons-is-layout-51f7783f wp-block-buttons-is-layout-flex\">\n<div class=\"wp-block-button has-custom-width wp-block-button__width-50 is-style-fill\"><a class=\"wp-block-button__link has-sitebg-color has-accent-2-background-color has-text-color has-background has-link-color has-normal-font-size has-custom-font-size wp-element-button\" href=\"https:\/\/www.skiarea-heubach.com\/kontaktformular-schneesportschule\/\">Kontaktformular Schneesportschule<\/a><\/div>\n<\/div>\n\n\n\n<p><\/p>\n\n\n\n<p class=\"has-text-align-center has-large-font-size\"><strong><mark style=\"background-color:rgba(0, 0, 0, 0)\" class=\"has-inline-color has-accent-2-color\">Telefon:   +49 (0) 36874 387181<\/mark><\/strong><\/p>\n\n\n\n<p><strong>Bitte geben Sie bei der Reservierung <mark style=\"background-color:rgba(0, 0, 0, 0)\" class=\"has-inline-color has-accent-2-color\">folgende Informationen* VOLLST\u00c4NDIG<\/mark> an:<\/strong><\/p>\n\n\n\n<p><strong>Angaben (buchende Person)<\/strong><br><em>NAME:<\/em><br><em>E-MAIL-ADRESSE:<\/em><br><em>R\u00dcCKRUFNUMMER:<\/em><br><em>ART des Kurses oder\/ und Verleihmaterials:<br>DATUM des Kurses oder\/ und Verleihmaterials:<\/em><br><strong>Angaben zu den Kursteilnehmern&#8230; (Bei Personengruppen ben\u00f6tigen wir f\u00fcr <mark style=\"background-color:rgba(0, 0, 0, 0)\" class=\"has-inline-color has-accent-2-color\">jede Person<\/mark> diese Angaben!)<\/strong><br><em>ALTER:<br>GEWICHT:<\/em><br><em>K\u00d6RPERGR\u00d6\u00dfE:<\/em><br><em>FAHRK\u00d6NNEN (*K\u00f6nnerstufen des DSV)<br>SCHUHGR\u00d6\u00dfE:<br><\/em><\/p>\n\n\n\n<p class=\"has-text-align-center\"><em>*<strong>Einsteiger<\/strong>: Hier werden technische Grundfertigkeiten vermittelt, die f\u00fcr alle Bereiche wichtig sind.<br>*<strong>Fortgeschrittene<\/strong>:&nbsp;Hier wird flaches Gel\u00e4nde erobert und verschiedene Bereiche des Ski- und Snowboardfahrens ausprobiert.<br>*<strong>K\u00f6nner<\/strong>:&nbsp;Hier wird in unterschiedlichem Gel\u00e4nde und in unterschiedlichen Bereichen sportlich gefahren.<br>*<strong>Experte<\/strong>:&nbsp;Hier wird auf hohem Niveau in jedem Gel\u00e4nde und in jedem Bereich gefahren.<\/em><\/p>\n\n\n\n<hr class=\"wp-block-separator has-alpha-channel-opacity is-style-default\"\/>\n\n\n\n<p><strong>*Wir ben\u00f6tigen diese Angaben um den Z-Wert (Ausl\u00f6sewert der Skibindung) einzustellen. Es sind Sicherheitsrelevante Daten!<\/strong><br><strong>Weitere Informationen finden sie in unserem Skiverleih am Aushang oder erfahren sie bei unserem freundlichen Personal.<\/strong><\/p>\n\n\n\n<h1 class=\"wp-block-heading has-text-align-center has-large-font-size\"><strong><mark style=\"background-color:rgba(0, 0, 0, 0)\" class=\"has-inline-color has-accent-2-color\">RESERVIERUNGEN F\u00dcR DEN FOLGETAG<\/mark> K\u00d6NNEN <mark style=\"background-color:rgba(0, 0, 0, 0)\" class=\"has-inline-color has-accent-2-color\">NUR BIS 17:00 UHR<\/mark> GARANTIERT BEARBEITET WERDEN!<\/strong><br><strong>WIR BITTEN UM IHR VERST\u00c4NDNIS!<\/strong><\/h1>\n","protected":false},"excerpt":{"rendered":"<p>(Achtung: Angepasste Kurzeiten ab der Saison 2025\/2026) Ski- &amp; Snowboardkurse &#8211; GRUPPENKURSE Ski- &amp; Snowboardkurs von Anf\u00e4nger bis &hellip;<\/p>\n","protected":false},"author":1,"featured_media":414,"parent":0,"menu_order":0,"comment_status":"closed","ping_status":"closed","template":"","meta":{"footnotes":""},"class_list":["post-488","page","type-page","status-publish","has-post-thumbnail","hentry"],"_links":{"self":[{"href":"https:\/\/www.skiarea-heubach.com\/\/wp-json\/wp\/v2\/pages\/488","targetHints":{"allow":["GET"]}}],"collection":[{"href":"https:\/\/www.skiarea-heubach.com\/\/wp-json\/wp\/v2\/pages"}],"about":[{"href":"https:\/\/www.skiarea-heubach.com\/\/wp-json\/wp\/v2\/types\/page"}],"author":[{"embeddable":true,"href":"https:\/\/www.skiarea-heubach.com\/\/wp-json\/wp\/v2\/users\/1"}],"replies":[{"embeddable":true,"href":"https:\/\/www.skiarea-heubach.com\/\/wp-json\/wp\/v2\/comments?post=488"}],"version-history":[{"count":38,"href":"https:\/\/www.skiarea-heubach.com\/\/wp-json\/wp\/v2\/pages\/488\/revisions"}],"predecessor-version":[{"id":1294,"href":"https:\/\/www.skiarea-heubach.com\/\/wp-json\/wp\/v2\/pages\/488\/revisions\/1294"}],"wp:featuredmedia":[{"embeddable":true,"href":"https:\/\/www.skiarea-heubach.com\/\/wp-json\/wp\/v2\/media\/414"}],"wp:attachment":[{"href":"https:\/\/www.skiarea-heubach.com\/\/wp-json\/wp\/v2\/media?parent=488"}],"curies":[{"name":"wp","href":"https:\/\/api.w.org\/{rel}","templated":true}]}}